u). Calculate w(r).
6
Let j = 2 - -1. Suppose -4*u + 8 = -0. Let d(l) = -3*l**u - j*l**3 + 2*l**3 + 0*l**3 + l. Give d(-3).
-3
Let g(p) = 2*p - 2*p - 2*p. Let h be g(-2). Let b(c) be the third derivative of -c**5/60 + 5*c**4/24 - c**3/3 - c**2. Determine b(h).
2
Let t(f) = -5 + f - 7 + 0*f + 0*f. Determine t(9).
-3
Let z(d) = d**3 + 2*d**2 - 2*d + 1. Let b be 3 + (8/(-2) - 12/(-4)). Determine z(b).
13
Let g(a) = a. Let f(y) = y**2 + 2*y. Let c(x) = f(x) + g(x). What is c(-4)?
4
Let f(v) = -6*v**2 + 6*v + 3. Let w(n) = -7*n**2 + 7*n + 4. Let r(d) = 5*f(d) - 4*w(d). Suppose -y = -4*y - 12. Let p = 6 + y. What is r(p)?
-5
Let k(m) be the second derivative of -m**3/3 - 3*m**2/2 - 50*m. Determine k(-7).
11
Let p(n) = 3*n - n - 4*n**2 + 3*n**2. Suppose 4*l + 32 = -3*c + 6*c, 4*l - 5*c = -40. Let z = l + 7. Give p(z).
0
Let q(o) = 0*o + 0*o - 4*o - 2. Suppose 8*s - 8 = 10*s. Determine q(s).
14
Let z(i) = -3*i**3 + 29*i**2 - 23*i + 20. Let c(j) = -j**3 + 10*j**2 - 8*j + 7. Let d(t) = 11*c(t) - 4*z(t). What is d(5)?
-8
Let l(y) = -y**2 + 8*y - 5. Let s(q) = -q**2 - 6*q + 13. Let x be s(-7). Give l(x).
7
Suppose l = -5*j + 23, -4*l - 12 - 16 = -4*j. Let f(w) = -1 - 1 + j - w. What is f(3)?
0
Let y(w) be the first derivative of w**6/360 + w**5/15 + 7*w**4/24 - 3*w**3 - 4. Let c(r) be the third derivative of y(r). What is c(-6)?
-5
Let h(w) = -2*w - 14*w + 17*w - 11. Calculate h(12).
1
Let u = -4 + 8. Let g(f) = 4*f - 2 + 3*f**2 + u - f**3 + 0*f + 2. Determine g(4).
4
Let w(m) be the first derivative of 0*m - 5/2*m**2 + 1/3*m**3 + 1. Let o(k) = -k**3 - 3*k**2 - 2*k - 1. Let y be o(-3). Give w(y).
0
Let f(d) = d - 6. Let b be f(5). Let u = b - 1. Let y(k) = k**2 + 3*k - 2. Let p be y(u). Let c(l) = -l**3 - 3*l**2 + 5*l + 5. Calculate c(p).
1
Let h(q) be the third derivative of 0 - 7/60*q**5 + 1/24*q**4 + 0*q**3 + 0*q + 4*q**2. What is h(1)?
-6
Let a be (1 - 2)/(-1*1). Let y(x) = -7*x**2 - 2 + 2 - 5*x + 1 + 3*x. What is y(a)?
-8
Let u be (-28)/42 + (-5)/(-3). Let m(r) = -2*r**2 + r. Calculate m(u).
-1
Let i(q) be the second derivative of -1/12*q**4 - 1/2*q**2 - 9/20*q**5 - 1/3*q**3 - 6*q + 0. Determine i(-1).
9
Suppose -2*h + 5 = -3*h. Let b(o) = -6*o**2 + 18*o**2 - 5*o**3 + 10*o + 4 + 1 - 3. Let c(d) = -d**3 + d**2 + d. Let t(p) = -b(p) + 6*c(p). What is t(h)?
-7
Let k(j) = 4 + 0*j**3 + 8*j**3 + 3*j - 9*j**3. What is k(3)?
-14
Suppose 5*t - 2 + 37 = 0. Let m(c) = c. What is m(t)?
-7
Let t(r) = 2*r**3 - 5*r - 5. Let v(j) be the first derivative of 3*j**4/4 - 3*j**2 - 6*j + 1. Let s(l) = 6*t(l) - 5*v(l). Determine s(1).
-3
Suppose 19 = 2*r + 3*g, 4*r = -r + 4*g + 13. Let n(c) = -c - 6. What is n(r)?
-11
Let r(b) = -6*b**3 - b + 118 + 2*b**2 - 119 - 3*b**2. Suppose 3 = -5*z - 2. Give r(z).
5
Let d = 82 + -46. Let a = -21 + d. Suppose -a = 4*j + j. Let y(r) = r**2 - r - 3. Give y(j).
9
Let x(z) = -z**2 + z - 35 - 7*z + 33 + 0*z. Determine x(-4).
6
Let o = -1 + 1. Let t(w) = w**3 - w - 4. Let b be t(o). Let j(i) = i**2 + 3*i - 2. What is j(b)?
2
Suppose 3*s - 8 = -s. Let h(t) = t + 2 + t**s - 3 + 0. What is h(0)?
-1
Let q(h) = 14 - h - 14 - 6*h**3. Determine q(-1).
7
Suppose 11 = 3*s - 4. Let i(n) = n**3 - n**2 - n. Let y(f) = -4*f**3 + 6*f + 4. Let j(d) = 5*i(d) + y(d). What is j(s)?
9
Let v(n) be the third derivative of n**8/4032 - n**7/1680 + n**5/60 + 6*n**2. Let j(q) be the third derivative of v(q). Calculate j(2).
14
Let r(x) = x**2 + x - 1. Suppose -5*q + 60 = q. Let i = -13 + q. What is r(i)?
5
Suppose -2*r = -3*x + 18, -3*r + 2 + 22 = 4*x. Suppose -w - 2*w = -x. Let b(n) = n**2 - 2*n. Calculate b(w).
0
Suppose 0 = 4*a + a - 10. Suppose 14 = -a*m + 4. Let r(f) = -f**3 - 5*f**2 - f + 2. What is r(m)?
7
Let s(v) = v. Let x(f) = f**2 - 10*f + 6. Let z(a) = -s(a) - x(a). Give z(7).
8
Let t(u) = u**3 + 2*u - 1. Let c = 9 - 6. Let k(f) = -f**2 + 6*f**3 - f - 7*f**c + 2 - 1. Let h(i) = -2*k(i) - t(i). Determine h(-2).
-1
Let r(n) be the third derivative of 1/120*n**6 + 0*n**3 - 7/60*n**5 + 0*n + 2*n**2 + 1/4*n**4 + 0. Suppose -58*p = -53*p - 30. Give r(p).
0
Suppose -21 = -4*p - 9. Suppose 0 = 4*i - p*i - 4*v - 9, -2*i - 3*v + 7 = 0. Suppose i*k + 14 = l, -4*k + 9*k + 11 = 4*l. Let h(c) = 5*c**2 + c + 1. Give h(l).
5
Let u(c) = 1. Let b(d) = -d + 7. Let n(t) = -3*b(t) + 15*u(t). Calculate n(4).
6
Let d(j) = -j**2 + 11*j - 14. Let h be d(11). Let a = -18 - h. Let k(r) = -2*r. Determine k(a).
8
Let l(h) be the second derivative of -h**5/20 + h**4/6 - h**3/6 + h**2/2 - 3*h. Determine l(1).
1
Let s(q) = -61 + 3*q**3 - 2*q + 124 - 64. Give s(-1).
-2
Suppose 4*z = -22 - 58. Let u = z + 24. Let k(s) = s**2 - s - 5. Calculate k(u).
7
Let t = 7 + -5. Suppose 3*s - t*s = 2*l + 4, -3*s = 4*l - 22. Let v(b) = -7 - 7*b**2 + 3*b**2 + 5*b**2 - 5*b. Give v(s).
-1
Let k(g) be the second derivative of g**3 - 3*g**2 - 1/12*g**4 + 9*g + 0. What is k(4)?
2
Let y be (6/(-4))/(12/32). Let q = 0 + y. Let z(h) = -h**3 - 3*h**2 + h - 2. Give z(q).
10
Suppose 448 = -0*v + 4*v. Let z be v/(-20) + 2/(-5). Let d(u) = -3*u**3 - 8*u**2 - 7. Let t(w) = -w**3 - w**2 - 1. Let o(k) = -d(k) + 2*t(k). What is o(z)?
5
Let z = 215 - 220. Let b(s) = 2*s - 4. Let w(f) be the third derivative of f**4/8 - f**3/2 - 2*f**2. Let m(t) = 4*b(t) - 3*w(t). Determine m(z).
-2
Let f(q) be the third derivative of -q**6/120 + q**5/60 - q**4/12 + q**3/3 - q**2 + 3. Let o be 1 - 2 - (-4 + 1). What is f(o)?
-6
Let j(l) = 4*l**2 - 3*l + 8. Let k(q) = 16 + 10 - 25 + q + q**2. Let x(f) = -j(f) + 3*k(f). Give x(5).
0
Let i(j) = j**2 - 5*j + 4. Suppose -w + 0*w + 6 = 0. Calculate i(w).
10
Let g = 12 - 9. Let i be (1 - g) + (-4)/(-2). Let w(d) = d**3 + d**2 - d + 1. What is w(i)?
1
Suppose 15 = 3*j - 0. Let p(x) = -j*x + 4*x + 3 - 6*x**2 - 4. What is p(-1)?
-6
Suppose 3*t + 2*t = -3*v + 12, -3*t - 4 = -v. Let a(b) = b - 7. Give a(t).
-7
Suppose 0 = 5*v - 4*f - 0 + 1, 0 = -5*f + 20. Suppose v*g + 21 = 5*d - 4, 5*g - 3*d = -31. Let u(b) = b - 2. What is u(g)?
-7
Let o(t) = -t**2 - 6*t - 1. Let s = -24 + 22. Let n = -3 + s. What is o(n)?
4
Let p(s) = 3*s**2 + 8*s - 2 - 3*s**3 + 4*s**3 - 13*s. Give p(-4).
2
Let w(r) = r**3 - r**2 - 1. Suppose -5*h + 1 = -5*c + c, c + 5*h - 6 = 0. Let s(p) = -2*p**3 + 3*p**2 - 2*p. Let v(i) = c*s(i) + 3*w(i). Calculate v(-2).
-7
Let y(h) = 4*h**3 + 5 - 2*h**2 - 3*h**3 - 2*h - 4*h**2. Let c(a) = a. Let u(f) = -4*f**2 + 7*f. Let x(s) = 2*c(s) - u(s). Let r be x(2). Give y(r).
-7
Let l(v) be the first derivative of -v**3/3 - 9*v**2/2 - 10*v + 2. Let b be l(-8). Let p(g) = g**2 - g - 1. Determine p(b).
5
Let w be 8/(-14)*56/16. Let j(p) = 6*p**2 + 3*p + 3. Calculate j(w).
21
Let q(v) be the first derivative of 3*v**2 + v + 1. Suppose -3*c - 10 = -8*c. Give q(c).
13
Let u = 8 + -5. Suppose -u*i + 22 = 10. Let d(x) = x**2 - 3*x + 2. Give d(i).
6
Let g(c) be the second derivative of 7*c**3/6 + c. Let i = 9 + -8. Calculate g(i).
7
Let w(o) = o**2 - 16*o + 32. Let i be w(13). Let n(k) = k + 2. What is n(i)?
-5
Let n(p) be the second derivative of -p**4/12 + p**3/2 + 3*p**2/2 - 5*p. Calculate n(3).
3
Let z(a) = -5*a**2 - 12*a - 6. Let m(n) = 3*n - n - n + 1 + n**2. Let u(x) = 6*m(x) + z(x). Suppose -5*k + 13 + 12 = 0. Calculate u(k).
-5
Let x(l) = 17*l - 31. Let p(m) = -8*m + 15. Let r(u) = -13*p(u) - 6*x(u). Let y(i) = -5*i + 26. Let f(z) = -11*r(z) - 4*y(z). Calculate f(-5).
5
Let m = -15 - -10. Let d(u) = 1 - 9*u + 5*u + u**2 + 11*u. Give d(m).
-9
Let r(h) = -4 - h**3 + 0*h**3 + 3*h**2 + 19*h - 13*h. What is r(4)?
4
Suppose 1 - 5 = -2*a. Let w(v) = a + 0 - 2 + 2*v + 6. Calculate w(-6).
-6
Suppose 3*z = 4*z + 6. Let u = z + 6. Suppose -2*m + 0*p - p = -13, p - 1 = u. Let s(i) = -i**2 + 5*i + 7. Calculate s(m).
1
Suppose -2*t = 4*t - 36. Let c be 1*-12*(-2)/3. Let w = t - c. Let u(z) = -3*z**2 - 4*z - 3. Give u(w).
-7
Let h be ((-14)/(-4))/((-1)/2). Let u(q) = q**2 + 8*q + 10. Give u(h).
3
Suppose 3*h + h + 4*k = -16, -h - 4*k - 16 = 0. Suppose -4*v + h + 8 = 0. Let m(l) = l**3. What is m(v)?
8
Let x(g) = -g + 2. Let m(f) = 2*f - 10. Let a(u) = -m(u) - 4*x(u). What is a(-5)?
-8
Let h = -14 - -7. Let l(f) = f + 6 + 6 - 20 + 9. What is l(h)?
-6
Let m(p) be the third derivative of -p**4/24 - p**3/6 - 2*p**2. Suppose -d - 5 = 5*t - 4*t, 5*t = -3*d - 15. Give m(t).
-1
Let q(b) = 3*b - 2. Let w(n) = -n**